[INFO] fetching crate objecthash 0.4.1...
[INFO] checking objecthash-0.4.1 against master#af3c6e733a40e671550e0f0f5aeecaa13772ba56 for pr-74989
[INFO] extracting crate objecthash 0.4.1 into /workspace/builds/worker-9/source
[INFO] validating manifest of crates.io crate objecthash 0.4.1 on toolchain af3c6e733a40e671550e0f0f5aeecaa13772ba56
[INFO] running `Command { std: "/workspace/cargo-home/bin/cargo" "+af3c6e733a40e671550e0f0f5aeecaa13772ba56" "read-manifest" "--manifest-path" "Cargo.toml", kill_on_drop: false }`
[INFO] started tweaking crates.io crate objecthash 0.4.1
[INFO] finished tweaking crates.io crate objecthash 0.4.1
[INFO] tweaked toml for crates.io crate objecthash 0.4.1 written to /workspace/builds/worker-9/source/Cargo.toml
[INFO] running `Command { std: "/workspace/cargo-home/bin/cargo" "+af3c6e733a40e671550e0f0f5aeecaa13772ba56" "generate-lockfile" "--manifest-path" "Cargo.toml" "-Zno-index-update", kill_on_drop: false }`
[INFO] running `Command { std: "/workspace/cargo-home/bin/cargo" "+af3c6e733a40e671550e0f0f5aeecaa13772ba56" "fetch" "--locked" "--manifest-path" "Cargo.toml", kill_on_drop: false }`
[INFO] running `Command { std: "docker" "create" "-v" "/var/lib/crater-agent-workspace/builds/worker-9/target:/opt/rustwide/target:rw,Z" "-v" "/var/lib/crater-agent-workspace/builds/worker-9/source:/opt/rustwide/workdir:ro,Z" "-v" "/var/lib/crater-agent-workspace/cargo-home:/opt/rustwide/cargo-home:ro,Z" "-v" "/var/lib/crater-agent-workspace/rustup-home:/opt/rustwide/rustup-home:ro,Z" "-e" "SOURCE_DIR=/opt/rustwide/workdir" "-e" "CARGO_TARGET_DIR=/opt/rustwide/target" "-e" "CARGO_HOME=/opt/rustwide/cargo-home" "-e" "RUSTUP_HOME=/opt/rustwide/rustup-home" "-w" "/opt/rustwide/workdir" "-m" "1610612736" "--user" "0:0" "--network" "none" "rustops/crates-build-env@sha256:d92eaeed33fa75130ca1ee6c8a01d1ffb62bac859dfdfb3450e3e5d1c0146529" "/opt/rustwide/cargo-home/bin/cargo" "+af3c6e733a40e671550e0f0f5aeecaa13772ba56" "metadata" "--no-deps" "--format-version=1", kill_on_drop: false }`
[INFO] [stdout] 7354a8135e6cc760453f40b0d2f7bf8e006904fa858d962deda780586194b170
[INFO] [stderr] WARNING: Your kernel does not support swap limit capabilities or the cgroup is not mounted. Memory limited without swap.
[INFO] running `Command { std: "docker" "start" "-a" "7354a8135e6cc760453f40b0d2f7bf8e006904fa858d962deda780586194b170", kill_on_drop: false }`
[INFO] running `Command { std: "docker" "inspect" "7354a8135e6cc760453f40b0d2f7bf8e006904fa858d962deda780586194b170", kill_on_drop: false }`
[INFO] running `Command { std: "docker" "rm" "-f" "7354a8135e6cc760453f40b0d2f7bf8e006904fa858d962deda780586194b170", kill_on_drop: false }`
[INFO] [stdout] 7354a8135e6cc760453f40b0d2f7bf8e006904fa858d962deda780586194b170
[INFO] running `Command { std: "docker" "create" "-v" "/var/lib/crater-agent-workspace/builds/worker-9/target:/opt/rustwide/target:rw,Z" "-v" "/var/lib/crater-agent-workspace/builds/worker-9/source:/opt/rustwide/workdir:ro,Z" "-v" "/var/lib/crater-agent-workspace/cargo-home:/opt/rustwide/cargo-home:ro,Z" "-v" "/var/lib/crater-agent-workspace/rustup-home:/opt/rustwide/rustup-home:ro,Z" "-e" "SOURCE_DIR=/opt/rustwide/workdir" "-e" "CARGO_TARGET_DIR=/opt/rustwide/target" "-e" "CARGO_INCREMENTAL=0" "-e" "RUST_BACKTRACE=full" "-e" "RUSTFLAGS=--cap-lints=forbid" "-e" "CARGO_HOME=/opt/rustwide/cargo-home" "-e" "RUSTUP_HOME=/opt/rustwide/rustup-home" "-w" "/opt/rustwide/workdir" "-m" "1610612736" "--user" "0:0" "--network" "none" "rustops/crates-build-env@sha256:d92eaeed33fa75130ca1ee6c8a01d1ffb62bac859dfdfb3450e3e5d1c0146529" "/opt/rustwide/cargo-home/bin/cargo" "+af3c6e733a40e671550e0f0f5aeecaa13772ba56" "check" "--frozen" "--all" "--all-targets" "--message-format=json", kill_on_drop: false }`
[INFO] [stdout] 4e8da807863f1040526104a97ef4ee309e5974a9b6712f2a882632af9c7435bc
[INFO] [stderr] WARNING: Your kernel does not support swap limit capabilities or the cgroup is not mounted. Memory limited without swap.
[INFO] running `Command { std: "docker" "start" "-a" "4e8da807863f1040526104a97ef4ee309e5974a9b6712f2a882632af9c7435bc", kill_on_drop: false }`
[INFO] [stderr]    Compiling cc v1.0.59
[INFO] [stderr]     Checking tinyvec v0.3.4
[INFO] [stderr]     Checking once_cell v1.4.1
[INFO] [stderr]     Checking unicode-normalization v0.1.13
[INFO] [stderr]    Compiling ring v0.16.15
[INFO] [stderr]     Checking objecthash v0.4.1 (/opt/rustwide/workdir)
[INFO] [stdout] error[E0615]: attempted to take value of method `algorithm` on type `hasher::ring::ring::digest::Context`
[INFO] [stdout]   --> src/hasher/ring.rs:25:18
[INFO] [stdout]    |
[INFO] [stdout] 25 |         self.ctx.algorithm.output_len
[INFO] [stdout]    |                  ^^^^^^^^^ method, not a field
[INFO] [stdout]    |
[INFO] [stdout] help: use parentheses to call the method
[INFO] [stdout]    |
[INFO] [stdout] 25 |         self.ctx.algorithm().output_len
[INFO] [stdout]    |                           ^^
[INFO] [stdout] 
[INFO] [stdout] 
[INFO] [stdout] error[E0615]: attempted to take value of method `algorithm` on type `hasher::ring::ring::digest::Context`
[INFO] [stdout]   --> src/hasher/ring.rs:37:54
[INFO] [stdout]    |
[INFO] [stdout] 37 |         let mut nested_hasher = Hasher::new(self.ctx.algorithm);
[INFO] [stdout]    |                                                      ^^^^^^^^^ method, not a field
[INFO] [stdout]    |
[INFO] [stdout] help: use parentheses to call the method
[INFO] [stdout]    |
[INFO] [stdout] 37 |         let mut nested_hasher = Hasher::new(self.ctx.algorithm());
[INFO] [stdout]    |                                                               ^^
[INFO] [stdout] 
[INFO] [stdout] 
[INFO] [stdout] error: aborting due to 2 previous errors
[INFO] [stdout] 
[INFO] [stdout] 
[INFO] [stdout] For more information about this error, try `rustc --explain E0615`.
[INFO] [stdout] 
[INFO] [stderr] error: could not compile `objecthash`.
[INFO] [stdout] error[E0615]: attempted to take value of method `algorithm` on type `hasher::ring::ring::digest::Context`
[INFO] [stdout]   --> src/hasher/ring.rs:25:18
[INFO] [stdout]    |
[INFO] [stdout] 25 |         self.ctx.algorithm.output_len
[INFO] [stdout]    |                  ^^^^^^^^^ method, not a field
[INFO] [stdout]    |
[INFO] [stdout] help: use parentheses to call the method
[INFO] [stdout]    |
[INFO] [stdout] 25 |         self.ctx.algorithm().output_len
[INFO] [stdout]    |                           ^^
[INFO] [stdout] 
[INFO] [stdout] 
[INFO] [stderr] 
[INFO] [stderr] To learn more, run the command again with --verbose.
[INFO] [stderr] warning: build failed, waiting for other jobs to finish...
[INFO] [stdout] error[E0615]: attempted to take value of method `algorithm` on type `hasher::ring::ring::digest::Context`
[INFO] [stdout]   --> src/hasher/ring.rs:37:54
[INFO] [stdout]    |
[INFO] [stdout] 37 |         let mut nested_hasher = Hasher::new(self.ctx.algorithm);
[INFO] [stdout]    |                                                      ^^^^^^^^^ method, not a field
[INFO] [stdout]    |
[INFO] [stdout] help: use parentheses to call the method
[INFO] [stdout]    |
[INFO] [stdout] 37 |         let mut nested_hasher = Hasher::new(self.ctx.algorithm());
[INFO] [stdout]    |                                                               ^^
[INFO] [stdout] 
[INFO] [stdout] 
[INFO] [stdout] error: aborting due to 2 previous errors
[INFO] [stdout] 
[INFO] [stdout] 
[INFO] [stdout] For more information about this error, try `rustc --explain E0615`.
[INFO] [stdout] 
[INFO] [stderr] error: build failed
[INFO] running `Command { std: "docker" "inspect" "4e8da807863f1040526104a97ef4ee309e5974a9b6712f2a882632af9c7435bc", kill_on_drop: false }`
[INFO] running `Command { std: "docker" "rm" "-f" "4e8da807863f1040526104a97ef4ee309e5974a9b6712f2a882632af9c7435bc", kill_on_drop: false }`
[INFO] [stdout] 4e8da807863f1040526104a97ef4ee309e5974a9b6712f2a882632af9c7435bc
